Calculate f(11).
11
Let c(i) = i**3 + 7*i**2 - i - 6. Determine c(-7).
1
Let j(g) = -6*g - 67. Give j(-12).
5
Let s(n) = -21*n - 138. Give s(-6).
-12
Let i(z) = -7*z + 8. Determine i(2).
-6
Let z(k) = k**3 + 20*k**2 - 44*k + 13. Give z(-22).
13
Let a(c) = 7*c - 20. What is a(12)?
64
Let h(t) = t - 1. Determine h(-6).
-7
Let o(h) = -2*h. Calculate o(3).
-6
Let d(z) = -45*z - 774. Determine d(-17).
-9
Let q(h) = -h**2 - 13*h + 10. Give q(-12).
22
Let f(o) = 2*o**3 + 10*o**2 + 2*o + 5. Give f(-6).
-79
Let c(u) = u**3 - 3*u**2 - 10*u - 9. Give c(5).
-9
Let w(a) = a**3 - a**2 - 4*a + 2. Calculate w(2).
-2
Let d(a) = 4*a**2 - 6*a + 13. Determine d(2).
17
Let p(v) = 14*v - 305. Calculate p(22).
3
Let q(j) = j**2 - 86. What is q(0)?
-86
Let z(s) = -6*s - 52. Give z(-8).
-4
Let z(o) = -o**2 - 15*o + 87. Calculate z(-16).
71
Let m(a) = -2*a**3 - a**2 + a - 1. Give m(1).
-3
Let o(t) = -t**2 - 7*t - 5. What is o(-6)?
1
Let c(m) = -m**2 - 57*m - 165. Determine c(-54).
-3
Let y(h) = h**3 - 7*h**2 + 9*h - 14. Determine y(5).
-19
Let p(m) = -9*m + 3. What is p(2)?
-15
Let a(u) = 2*u - 42. Calculate a(7).
-28
Let n(a) = -a**2 + 2*a. Give n(1).
1
Let z(f) = -41*f - 1. Give z(-1).
40
Let n(z) = z**3 - 31*z**2 + 15*z + 460. Give n(30).
10
Let d(f) = -f**3 - 10*f**2 + 4. What is d(-10)?
4
Let o(h) = -52*h**2 - 3*h - 2. What is o(-1)?
-51
Let r(w) = w - 4. Determine r(5).
1
Let w(t) = t**3 - t**2 - 3*t - 6. Give w(4).
30
Let i(m) = -6*m - 37. Calculate i(-2).
-25
Let x(p) = p**3 - 5*p**2 - 3*p + 11. What is x(5)?
-4
Let g(b) = -b**2 - 8*b + 34. Determine g(-7).
41
Let f(u) = u**3 - 2*u**2 - u - 2. Calculate f(2).
-4
Let r(i) = i**2 - 6*i - 50. What is r(-6)?
22
Let k(x) = 44*x - 401. Give k(9).
-5
Let y(b) = 3*b + 15. What is y(3)?
24
Let b(f) = -f + 1. Give b(1).
0
Let y(o) = 15*o - 16. Determine y(3).
29
Let h(n) = -n**2 + 10*n + 6. Determine h(10).
6
Let d(q) = q**3 - 16*q**2 + 36*q + 12. What is d(13)?
-27
Let z(f) = -2*f + 23. Give z(29).
-35
Let b(j) = 3*j**2 - 45*j - 47. Give b(16).
1
Let w(h) = -15*h. What is w(2)?
-30
Let v(t) = 3*t + 26. Determine v(-11).
-7
Let j(b) = -b**3 + 2*b**2 + 1. Determine j(3).
-8
Let r(p) = p**3 - 13*p**2 - 15*p - 19. Calculate r(14).
-33
Let n(r) = r**3 - 6*r**2 + 9*r - 9. Determine n(4).
-5
Let d(l) = 7*l - 17. Determine d(3).
4
Let p(r) = -2*r**2 - 3*r. What is p(-3)?
-9
Let a(o) = -o**2 - 32*o - 58. Give a(-30).
2
Let k(j) = -2*j**2 - 6*j - 7. What is k(-3)?
-7
Let l(v) = 4*v - 17. Determine l(8).
15
Let x(r) = r**3 + 5*r**2 + 5*r + 9. Determine x(-4).
5
Let i(x) = -x**3 + x**2 - x - 3. Give i(0).
-3
Let h(a) = -7*a + 16. Give h(-8).
72
Let v(y) = -y**3 - 5*y**2 + 10*y + 18. Give v(-6).
-6
Let s(l) = -l + 11. Determine s(-23).
34
Let o(z) = z**3 - 7*z**2 + 7*z + 9. Calculate o(5).
-6
Let x(v) = v**3 - 10*v**2 - 3*v - 1. What is x(11)?
87
Let a(q) = -q**3 + 11*q**2 + 11*q + 11. What is a(12)?
-1
Let c(h) = 3*h**3 - h**2 - 2*h + 3. Give c(-2).
-21
Let q(t) = t + 11. Calculate q(-7).
4
Let o(h) = -6*h - 3. Give o(-2).
9
Let m(g) = -g**2 - g - 5. Calculate m(3).
-17
Let o(b) = -b**3 + b**2 - 4*b - 1. What is o(3)?
-31
Let s(l) = l**3 + 6*l**2 + l - 17. Calculate s(-4).
11
Let l(x) = 10*x**2 - x - 1. Determine l(4).
155
Let z(n) = n**2 - 11*n + 7. What is z(6)?
-23
Let g(n) = n**2 + 28*n + 97. Determine g(-24).
1
Let l(z) = -z**3 - 15*z**2 + 8*z + 324. What is l(-14)?
16
Let c(k) = 4*k + 11. What is c(-4)?
-5
Let x(y) = y - 1. Determine x(-10).
-11
Let q(g) = -g**3 - 7*g**2 + 8*g - 5. What is q(-8)?
-5
Let q(i) = 3*i + 2. What is q(3)?
11
Let f(k) = -7*k. Give f(1).
-7
Let f(g) = -12*g**2 + 3*g + 3. Determine f(-2).
-51
Let m(y) = y**2 + 8*y + 8. Calculate m(-8).
8
Let r(q) = 2*q + 27. Calculate r(-12).
3
Let w(h) = -h + 15. Calculate w(11).
4
Let p(b) = -2*b**2 - 4*b - 3. What is p(-3)?
-9
Let a(w) = -191*w - 570. Determine a(-3).
3
Let o(k) = -2*k**2 + 3*k - 6. Determine o(2).
-8
Let m(o) = 8*o**3 - 2*o**2 - 4*o - 1. Calculate m(-1).
-7
Let q(k) = k**3 + 4*k**2 + k - 7. Determine q(-3).
-1
Let h(k) = -k**3 + 20*k**2 + 43*k + 14. What is h(22)?
-8
Let x(u) = 4*u**2 - 5*u - 9. Give x(-2).
17
Let d(r) = r - 28. Calculate d(12).
-16
Let n(d) = d**2 + 9*d + 7. What is n(-9)?
7
Let q(b) = 3*b**2 + 13*b - 8. Determine q(-5).
2
Let i(t) = -5*t. What is i(-6)?
30
Let q(w) = -w**3 - w**2 - 31*w - 31. Calculate q(-1).
0
Let x(c) = c**2 + 13*c + 38. Give x(-10).
8
Let w(x) = -54*x + 69. What is w(2)?
-39
Let w(q) = q**3 - 11*q**2 - 7*q - 68. Give w(12).
-8
Let a(n) = -17*n - 2. Calculate a(-3).
49
Let u(y) = -5*y + 80. Calculate u(17).
-5
Let f(g) = -2*g**3 + 3*g**2 + 4*g + 2. Calculate f(-2).
22
Let j(r) = -r**3 - 9*r**2 - 2*r - 6. What is j(-9)?
12
Let v(p) = 2*p - 69. What is v(24)?
-21
Let f(z) = 6*z + 314. Calculate f(-51).
8
Let a(v) = -2*v**2 + 24*v - 36. What is a(11)?
-14
Let p(x) = x**2 + 2*x - 3. Give p(-4).
5
Let z(i) = 49*i**3 + i**2 + 3*i - 3. Give z(1).
50
Let n(y) = -2*y. Calculate n(-1).
2
Let a(n) = n**3 - 19*n**2 + 19*n - 15. Calculate a(18).
3
Let o(g) = -g**2. Determine o(-2).
-4
Let u(j) = j**3 + 18*j**2 - 15*j - 274. Give u(-18).
-4
Let z(d) = -d**2 - 5*d - 5. Give z(-6).
-11
Let j(r) = 16*r + 289. Calculate j(-19).
-15
Let w(n) = -4*n - 3. Calculate w(3).
-15
Let h(v) = -v - 8. Calculate h(-6).
-2
Let u(q) = -q**3 + 11*q**2 + 15*q + 3. Give u(12).
39
Let t(x) = x**2 + 6*x + 4. What is t(-7)?
11
Let p(z) = z**3 + 5*z**2 + 3. Determine p(-4).
19
Let r(j) = j**3 + 6*j**2 + 5*j - 6. What is r(-3)?
6
Let o(u) = -41*u. Determine o(-1).
41
Let b(h) = 14*h - 98. What is b(7)?
0
Let t(x) = x**2 + 14*x + 5. Give t(-13).
-8
Let u(t) = -t**2 + 8*t - 25. Determine u(5).
-10
Let h(j) = -j**2 + 7*j - 21. Give h(3).
-9
Let s(n) = -n**3 + 7*n**2 - n + 2. Give s(7).
-5
Let y(v) = v**2 - 7*v + 7. Calculate y(5).
-3
Let d(w) = w**3 - 5*w**2 - 8*w + 14. Give d(6).
2
Let l(b) = -b**2 - 2*b - 3. Determine l(-2).
-3
Let q(y) = -4*y - 27. Calculate q(-11).
17
Let k(g) = g**3 + 37*g**2 + 40*g + 118. Give k(-36).
-26
Let y(n) = -n**3 + 8*n**2 + 3*n - 2. Calculate y(7).
68
Let v(u) = -u**3 + 8*u**2 + 83. Determine v(9).
2
Let l(b) = b**2 - 7*b + 2. Determine l(5).
-8
Let j(s) = -9*s**3 - s**2. Give j(-1).
8
Let l(f) = -f**3 + 18*f**2 - 13*f - 72. Calculate l(17).
-4
Let f(o) = o**3 - 10*o**2 + 4*o + 12. Give f(5).
-93
Let l(w) = 3*w + 2. Determine l(1).
5
Let b(p) = p**3 + 3*p**2 + 2*p + 6. What is b(-2)?
6
Let l(t) = -9*t + 204. Determine l(20).
24
Let p(t) = 51*t + 46. Give p(-1).
-5
Let l(f) = 8*f - 10. Determine l(4).
22
Let c(q) = -q**2 - q. Calculate c(-1).
0
Let p(d) = d**3 - 11*d**2 + 3*d - 14. Determine p(11).
19
Let x(k) = 11*k - 7. What is x(4)?
37
Let r(m) = -m**3 + 48*m**2 - 92*m - 19. Determine r(46).
-19
Let c(q) = q**3 - 9*q**2 - 6*q - 36. Give c(10).
4
Let h(s) = -s**3 - 22*s**2 + 46*s - 23. Calculate h(-24).
25
Let o(f) = -4*f**2 - 4*f + 7. Calculate o(2).
-17
Let y(w) = 2*w**2 + 28*w + 82. Determine y(-9).
-8
Let g(u) = u**3 + 7*u**2 + 2*u - 19. What is g(-5)?
21
Let l(s) = s**3 - 6*s**2 + 10*s - 10. Determine l(5).
15
Let k(f) = f + 14. Calculate k(-10).
4
Let m(c) = -c**3 + 7*c**2 + 10*c - 8. What is m(8)?
8
Let b(y) = -y**2 + y + 4. Determine b(5).
-16
Let b(s) = 6*s - 6. Give b(1).
0
Let j(s) = -4*s**3 - 3*s**2 + 2. Determine j(-2).
22
Let k(g) = -2*g + 1. Give k(8).
-15
Let c(p) = p**2 - p + 10. What is c(-7)?
66
Let d(o) = 6*o**2 - o + 1. Calculate d(1).
6
Let x(k) = 7*k**2 + 2*k. Determine x(1).
9
Let n(c) = c**3 - 2*c**2 + 3*c + 11. Determine n(0).
11
Let j(z) = -z**2 + z + 2. Give j(3).
-4
Let p(z) = -3*z**2 - 10*z. Determine p(-5).
-25
Let t(i) = -i**3 + 4*i**2 + 7*i - 3. Calculate t(5).
7
Let n(g) = -g**3 - 10*g**2 + 18*g + 71. Determine n(-11).
-6
Let w(a) = a**3 + 16*a**2 + 7*a - 131. Calculate w(-15).
-11
Let f(o) = o**3 - 9*o**2 - 17*o + 70. Calculate f(10).
0
Let t(j) = 39*j - 1. Give t(1).
38
Let p(z) = -z**2 - 14*z - 20. What is p(-10)?
20
Let c(d) = -d**2 - 7. Determine c(0).
-7
Let q(u) = -18*u - 76. Calculate q(-4).
-4
Let l(q) = 4*q + 1. What is l(-8)?
-31
Let o(r) = r**3 + 7*r**2 - 6*r - 5. What is o(-8)?
-21
Let l(m) = m**2 + 13*m - 44. What is l(-15)?
-14
Let p(x) = 568*x - 2. Give p(0).
-2
Let d(z) = z**2 + 4*z - 6. What is d(-5)?
-1
Let k(h) = -h**3 + 8*h**2 - 2*h + 3. Give k(8).
-13
Let i(r)